vided by 1246?
70
What is the remainder when 81516 is divided by 80?
76
Calculate the remainder when 8295 is divided by 471.
288
What is the remainder when 1662287 is divided by 53?
48
Calculate the remainder when 3803 is divided by 22.
19
Calculate the remainder when 5369 is divided by 299.
286
What is the remainder when 58949 is divided by 19640?
29
What is the remainder when 3437 is divided by 684?
17
What is the remainder when 9942 is divided by 17?
14
What is the remainder when 287697 is divided by 30?
27
What is the remainder when 38269 is divided by 92?
89
What is the remainder when 2562 is divided by 535?
422
Calculate the remainder when 18168 is divided by 3028.
0
What is the remainder when 131039 is divided by 201?
188
What is the remainder when 33819 is divided by 4219?
67
Calculate the remainder when 53449 is divided by 955.
924
What is the remainder when 19500 is divided by 71?
46
Calculate the remainder when 6105 is divided by 574.
365
Calculate the remainder when 176107 is divided by 15.
7
Calculate the remainder when 2988 is divided by 29.
1
What is the remainder when 102442 is divided by 102429?
13
What is the remainder when 2917 is divided by 195?
187
What is the remainder when 1716 is divided by 1099?
617
What is the remainder when 76588 is divided by 503?
132
What is the remainder when 3748 is divided by 1240?
28
Calculate the remainder when 2102 is divided by 15.
2
Calculate the remainder when 4260 is divided by 227.
174
Calculate the remainder when 20518 is divided by 6838.
4
Calculate the remainder when 1448 is divided by 715.
18
What is the remainder when 137064 is divided by 19?
17
What is the remainder when 1838 is divided by 126?
74
What is the remainder when 509430 is divided by 13?
12
Calculate the remainder when 64835 is divided by 268.
247
What is the remainder when 2670 is divided by 273?
213
What is the remainder when 17960 is divided by 17958?
2
Calculate the remainder when 11171 is divided by 203.
6
What is the remainder when 11481 is divided by 662?
227
Calculate the remainder when 169691 is divided by 14.
11
What is the remainder when 98499 is divided by 19?
3
What is the remainder when 250459 is divided by 283?
4
What is the remainder when 14125 is divided by 9?
4
What is the remainder when 315350 is divided by 7?
0
Calculate the remainder when 3891 is divided by 456.
243
Calculate the remainder when 1096191 is divided by 435.
426
What is the remainder when 4126 is divided by 5?
1
What is the remainder when 23086 is divided by 55?
41
What is the remainder when 18470 is divided by 6156?
2
What is the remainder when 2262 is divided by 353?
144
Calculate the remainder when 1559 is divided by 745.
69
Calculate the remainder when 3661 is divided by 44.
9
What is the remainder when 2706 is divided by 528?
66
What is the remainder when 414 is divided by 89?
58
Calculate the remainder when 6565 is divided by 1364.
1109
What is the remainder when 76196 is divided by 692?
76
What is the remainder when 3370 is divided by 723?
478
What is the remainder when 48990 is divided by 6985?
95
Calculate the remainder when 25830 is divided by 25813.
17
Calculate the remainder when 27971 is divided by 84.
83
Calculate the remainder when 156781 is divided by 326.
301
What is the remainder when 47492 is divided by 239?
170
Calculate the remainder when 3443 is divided by 487.
34
What is the remainder when 17376 is divided by 84?
72
Calculate the remainder when 34534 is divided by 46.
34
Calculate the remainder when 6145 is divided by 41.
36
What is the remainder when 14056 is divided by 1276?
20
Calculate the remainder when 1761 is divided by 252.
249
Calculate the remainder when 132944 is divided by 50.
44
Calculate the remainder when 14011 is divided by 1905.
676
Calculate the remainder when 485298 is divided by 80882.
6
What is the remainder when 9649 is divided by 179?
162
What is the remainder when 16490 is divided by 295?
265
Calculate the remainder when 1227 is divided by 305.
7
What is the remainder when 39609 is divided by 2475?
9
What is the remainder when 66641 is divided by 174?
173
Calculate the remainder when 14815 is divided by 14632.
183
Calculate the remainder when 25404 is divided by 1803.
162
Calculate the remainder when 1655 is divided by 164.
15
Calculate the remainder when 252779 is divided by 15.
14
Calculate the remainder when 24011 is divided by 316.
311
Calculate the remainder when 213093 is divided by 9686.
1
What is the remainder when 4197 is divided by 219?
36
What is the remainder when 2624 is divided by 12?
8
Calculate the remainder when 68548 is divided by 4895.
18
Calculate the remainder when 15526 is divided by 259.
245
Calculate the remainder when 3904 is divided by 157.
136
What is the remainder when 295 is divided by 135?
25
What is the remainder when 58181 is divided by 132?
101
Calculate the remainder when 28940 is divided by 144.
140
What is the remainder when 8598 is divided by 176?
150
What is the remainder when 245628 is divided by 242?
240
Calculate the remainder when 28960 is divided by 53.
22
What is the remainder when 99255 is divided by 4?
3
What is the remainder when 152372 is divided by 84?
80
Calculate the remainder when 16625 is divided by 923.
11
Calculate the remainder when 584842 is divided by 598.
596
What is the remainder when 218490 is divided by 43?
7
What is the remainder when 9879 is divided by 162?
159
Calculate the remainder when 2826 is divided by 147.
33
Calculate the remainder when 21943 is divided by 625.
68
What is the remainder when 14397 is divided by 53?
34
What is the remainder when 24800 is divided by 121?
116
Calculate the remainder when 154546 is divided by 216.
106
What is the remainder when 387239 is divided by 7171?
5
What is the remainder when 631 is divided by 120?
31
Calculate the remainder when 74201 is divided by 106.
1
What is the remainder when 12441 is divided by 23?
21
What is the remainder when 2653 is divided by 862?
67
Calculate the remainder when 18427 is divided by 6139.
10
What is the remainder when 34757 is divided by 34726?
31
What is the remainder when 2105683 is divided by 27?
7
What is the remainder when 17636 is divided by 1602?
14
What is the remainder when 10286 is divided by 141?
134
What is the remainder when 43090 is divided by 116?
54
Calculate the remainder when 339007 is divided by 420.
67
What is the remainder when 204112 is divided by 64?
16
What is the remainder when 8013 is divided by 3952?
109
What is the remainder when 4008 is divided by 60?
48
Calculate the remainder when 2793 is divided by 34.
5
What is the remainder when 145262 is divided by 5810?
12
What is the remainder when 116591 is divided by 347?
346
What is the remainder when 7011 is divided by 58?
51
Calculate the remainder when 815767 is divided by 485.
482
What is the remainder when 87747 is divided by 159?
138
Calculate the remainder when 9636 is divided by 3183.
87
What is the remainder when 10469 is divided by 2308?
1237
Calculate the remainder when 20113 is divided by 59.
53
Calculate the remainder when 1109434 is divided by 40.
34
What is the remainder when 3183 is divided by 214?
187
What is the remainder when 18022 is divided by 140?
102
What is the remainder when 1130 is divided by 1037?
93
What is the remainder when 35848 is divided by 17?
12
What is the remainder when 31519 is divided by 59?
13
What is the remainder when 1830 is divided by 107?
11
Calculate the remainder when 3474 is divided by 144.
18
What is the remainder when 23291 is divided by 231?
191
What is the remainder when 364 is divided by 56?
28
What is the remainder when 4377 is divided by 736?
697
Calculate the remainder when 1060926 is divided by 968.
966
Calculate the remainder when 79186 is divided by 9898.
2
What is the remainder when 20128 is divided by 10042?
44
Calculate the remainder when 7463 is divided by 257.
10
What is the remainder when 13942 is divided by 3462?
94
What is the remainder when 1811 is divided by 859?
93
Calculate the remainder when 158291 is divided by 24.
11
Calculate the remainder when 964362 is divided by 1345.
1342
Calculate the remainder when 6415 is divided by 6279.
136
What is the remainder when 803 is divided by 88?
11
What is the remainder w